{"id":61,"date":"2024-01-05T17:34:10","date_gmt":"2024-01-05T16:34:10","guid":{"rendered":"https:\/\/kayasoasismassage.fr\/?page_id=61"},"modified":"2025-07-30T11:23:16","modified_gmt":"2025-07-30T09:23:16","slug":"relaxer-vous-avec-un-massage-californien-a-strasbourg","status":"publish","type":"page","link":"https:\/\/kayasoasismassage.fr\/index.php\/carte-des-massages-strasbourg\/relaxer-vous-avec-un-massage-californien-a-strasbourg\/","title":{"rendered":"Massage Californien"},"content":{"rendered":"\n<p class=\"has-text-align-center has-medium-font-size\"><em>Pour un effet cocooning<\/em> <em>\u00e0 deux pas du centre-ville de Strasbourg<\/em><\/p>\n\n\n<div class=\"wp-block-image\">\n<figure class=\"aligncenter size-medium\"><img loading=\"lazy\" decoding=\"async\" width=\"300\" height=\"40\" src=\"https:\/\/kayasoasismassage.fr\/wp-content\/uploads\/2024\/01\/Design-sans-titre-300x40.jpg\" alt=\"\" class=\"wp-image-249\" srcset=\"https:\/\/kayasoasismassage.fr\/wp-content\/uploads\/2024\/01\/Design-sans-titre-300x40.jpg 300w, https:\/\/kayasoasismassage.fr\/wp-content\/uploads\/2024\/01\/Design-sans-titre-1024x138.jpg 1024w, https:\/\/kayasoasismassage.fr\/wp-content\/uploads\/2024\/01\/Design-sans-titre-768x103.jpg 768w, https:\/\/kayasoasismassage.fr\/wp-content\/uploads\/2024\/01\/Design-sans-titre.jpg 1414w\" sizes=\"auto, (max-width: 300px) 100vw, 300px\" \/><\/figure>\n<\/div>\n\n\n<p><\/p>\n\n\n\n<h2 class=\"wp-block-heading has-text-color has-link-color has-large-font-size wp-elements-55fcef3ea9dd9769b05dd2c92061ac78\" style=\"color:#78290f\"><strong><em>\u00c9chappez au Stress, Ressentez la Libert\u00e9 avec le Massage Californien<\/em><\/strong><\/h2>\n\n\n\n<div class=\"wp-block-media-text is-stacked-on-mobile\" style=\"grid-template-columns:33% auto\"><figure class=\"wp-block-media-text__media\"><img loading=\"lazy\" decoding=\"async\" width=\"593\" height=\"692\" src=\"https:\/\/kayasoasismassage.fr\/wp-content\/uploads\/2024\/03\/bougie.png\" alt=\"\" class=\"wp-image-772 size-full\" srcset=\"https:\/\/kayasoasismassage.fr\/wp-content\/uploads\/2024\/03\/bougie.png 593w, https:\/\/kayasoasismassage.fr\/wp-content\/uploads\/2024\/03\/bougie-257x300.png 257w\" sizes=\"auto, (max-width: 593px) 100vw, 593px\" \/><\/figure><div class=\"wp-block-media-text__content\">\n<p class=\"has-medium-font-size\"><strong><em>Vous vous sentez submerg\u00e9 par le stress quotidien, \u00e9cras\u00e9 par les tensions du travail ? <\/em><\/strong><\/p>\n\n\n\n<p>Imaginez-vous <strong>abandonner<\/strong> le poids du quotidien, <strong>lib\u00e9rer<\/strong> les n\u0153uds de stress, et laisser votre esprit voguer vers la <strong>tranquillit\u00e9<\/strong>.<br><br>Chaque mouvement est con\u00e7u pour lib\u00e9rer les n\u0153uds de tension, r\u00e9tablissant <strong>l&rsquo;harmonie dans votre corps et votre esprit<\/strong>. <\/p>\n\n\n\n<p>Offrez-vous ce moment de calme, o\u00f9 l&rsquo;anxi\u00e9t\u00e9 se dissipe sous les gestes apaisants et les ar\u00f4mes envo\u00fbtants des huiles essentielles. Le Massage Californien n&rsquo;est pas seulement une pause, c&rsquo;est <strong>un investissement dans votre bien-\u00eatre mental et physique<\/strong>.<\/p>\n\n\n\n<p>Reconnectez-vous avec votre tranquillit\u00e9 int\u00e9rieure. Je suis l\u00e0 pour vous offrir <strong>un soulagement d\u00fb au stress<\/strong>, une s\u00e9ance qui va au-del\u00e0 d&rsquo;un simple massage, pour vous permettre de <strong>retrouver la s\u00e9r\u00e9nit\u00e9 dans votre quotidien bien rempli<\/strong>.<\/p>\n<\/div><\/div>\n\n\n\n<p><\/p>\n\n\n\n<p>Venu des Etats-Unis, ce massage complet du corps \u00e0 l\u2019huile s\u2019effectue dans un rythme lent et r\u00e9gulier. Ces grands effleurages tr\u00e8s enveloppants procurent une <strong>sensation cocooning<\/strong>. C\u2019est un massage relaxant qui apporte une v\u00e9ritable d\u00e9tente et un retour \u00e0 soi, il <strong>invite au l\u00e2cher-prise<\/strong>. <br><br>Apr\u00e8s la s\u00e9ance, de nombreux clients ressentent un rel\u00e2chement complet du corps, un calme int\u00e9rieur, une \u00e9nergie \u00e9quilibr\u00e9e et une possible am\u00e9lioration du sommeil, vous laissant avec une sensation de bien-\u00eatre g\u00e9n\u00e9ral et de revitalisation.<\/p>\n\n\n\n<p class=\"has-text-color has-link-color has-large-font-size wp-elements-55e3cf84fbb837ee0a86578a51505668\" style=\"color:#78290f;font-style:italic;font-weight:500\"><\/p>\n\n\n\n<h2 class=\"wp-block-heading has-text-color has-link-color has-large-font-size wp-elements-e2d6cae713483376b73d151fe0fb2421\" style=\"color:#79280f\"><strong><em>Les Bienfaits<\/em><\/strong><\/h2>\n\n\n\n<div class=\"wp-block-uagb-icon-list uagb-block-7ad973f8\"><div class=\"uagb-icon-list__wrap\">\n<div class=\"wp-block-uagb-icon-list-child uagb-block-a28aa7bc\"><span class=\"uagb-icon-list__source-wrap\"><svg xmlns=\"https:\/\/www.w3.org\/2000\/svg\" viewBox=\"0 0 512 512\"><path d=\"M256 0C114.6 0 0 114.6 0 256c0 141.4 114.6 256 256 256s256-114.6 256-256C512 114.6 397.4 0 256 0zM406.6 278.6l-103.1 103.1c-12.5 12.5-32.75 12.5-45.25 0s-12.5-32.75 0-45.25L306.8 288H128C110.3 288 96 273.7 96 256s14.31-32 32-32h178.8l-49.38-49.38c-12.5-12.5-12.5-32.75 0-45.25s32.75-12.5 45.25 0l103.1 103.1C414.6 241.3 416 251.1 416 256C416 260.9 414.6 270.7 406.6 278.6z\"><\/path><\/svg><\/span><span class=\"uagb-icon-list__label\">D\u00e9tend le corps<\/span><\/div>\n\n\n\n<div class=\"wp-block-uagb-icon-list-child uagb-block-f2e9c901\"><span class=\"uagb-icon-list__source-wrap\"><svg xmlns=\"https:\/\/www.w3.org\/2000\/svg\" viewBox=\"0 0 512 512\"><path d=\"M256 0C114.6 0 0 114.6 0 256c0 141.4 114.6 256 256 256s256-114.6 256-256C512 114.6 397.4 0 256 0zM406.6 278.6l-103.1 103.1c-12.5 12.5-32.75 12.5-45.25 0s-12.5-32.75 0-45.25L306.8 288H128C110.3 288 96 273.7 96 256s14.31-32 32-32h178.8l-49.38-49.38c-12.5-12.5-12.5-32.75 0-45.25s32.75-12.5 45.25 0l103.1 103.1C414.6 241.3 416 251.1 416 256C416 260.9 414.6 270.7 406.6 278.6z\"><\/path><\/svg><\/span><span class=\"uagb-icon-list__label\">Favorise le l\u00e2cher-prise<\/span><\/div>\n\n\n\n<div class=\"wp-block-uagb-icon-list-child uagb-block-bec94b85\"><span class=\"uagb-icon-list__source-wrap\"><svg xmlns=\"https:\/\/www.w3.org\/2000\/svg\" viewBox=\"0 0 512 512\"><path d=\"M256 0C114.6 0 0 114.6 0 256c0 141.4 114.6 256 256 256s256-114.6 256-256C512 114.6 397.4 0 256 0zM406.6 278.6l-103.1 103.1c-12.5 12.5-32.75 12.5-45.25 0s-12.5-32.75 0-45.25L306.8 288H128C110.3 288 96 273.7 96 256s14.31-32 32-32h178.8l-49.38-49.38c-12.5-12.5-12.5-32.75 0-45.25s32.75-12.5 45.25 0l103.1 103.1C414.6 241.3 416 251.1 416 256C416 260.9 414.6 270.7 406.6 278.6z\"><\/path><\/svg><\/span><span class=\"uagb-icon-list__label\">Apaise l&rsquo;esprit<\/span><\/div>\n\n\n\n<div class=\"wp-block-uagb-icon-list-child uagb-block-f6b10b07\"><span class=\"uagb-icon-list__source-wrap\"><svg xmlns=\"https:\/\/www.w3.org\/2000\/svg\" viewBox=\"0 0 512 512\"><path d=\"M256 0C114.6 0 0 114.6 0 256c0 141.4 114.6 256 256 256s256-114.6 256-256C512 114.6 397.4 0 256 0zM406.6 278.6l-103.1 103.1c-12.5 12.5-32.75 12.5-45.25 0s-12.5-32.75 0-45.25L306.8 288H128C110.3 288 96 273.7 96 256s14.31-32 32-32h178.8l-49.38-49.38c-12.5-12.5-12.5-32.75 0-45.25s32.75-12.5 45.25 0l103.1 103.1C414.6 241.3 416 251.1 416 256C416 260.9 414.6 270.7 406.6 278.6z\"><\/path><\/svg><\/span><span class=\"uagb-icon-list__label\">Aide \u00e0 se recentrer<\/span><\/div>\n\n\n\n<div class=\"wp-block-uagb-icon-list-child uagb-block-5a4f0486\"><span class=\"uagb-icon-list__source-wrap\"><svg xmlns=\"https:\/\/www.w3.org\/2000\/svg\" viewBox=\"0 0 512 512\"><path d=\"M256 0C114.6 0 0 114.6 0 256c0 141.4 114.6 256 256 256s256-114.6 256-256C512 114.6 397.4 0 256 0zM406.6 278.6l-103.1 103.1c-12.5 12.5-32.75 12.5-45.25 0s-12.5-32.75 0-45.25L306.8 288H128C110.3 288 96 273.7 96 256s14.31-32 32-32h178.8l-49.38-49.38c-12.5-12.5-12.5-32.75 0-45.25s32.75-12.5 45.25 0l103.1 103.1C414.6 241.3 416 251.1 416 256C416 260.9 414.6 270.7 406.6 278.6z\"><\/path><\/svg><\/span><span class=\"uagb-icon-list__label\">Favorise la circulation sanguine et lymphatique<\/span><\/div>\n\n\n\n<div class=\"wp-block-uagb-icon-list-child uagb-block-e855903d\"><span class=\"uagb-icon-list__source-wrap\"><svg xmlns=\"https:\/\/www.w3.org\/2000\/svg\" viewBox=\"0 0 512 512\"><path d=\"M256 0C114.6 0 0 114.6 0 256c0 141.4 114.6 256 256 256s256-114.6 256-256C512 114.6 397.4 0 256 0zM406.6 278.6l-103.1 103.1c-12.5 12.5-32.75 12.5-45.25 0s-12.5-32.75 0-45.25L306.8 288H128C110.3 288 96 273.7 96 256s14.31-32 32-32h178.8l-49.38-49.38c-12.5-12.5-12.5-32.75 0-45.25s32.75-12.5 45.25 0l103.1 103.1C414.6 241.3 416 251.1 416 256C416 260.9 414.6 270.7 406.6 278.6z\"><\/path><\/svg><\/span><span class=\"uagb-icon-list__label\">Adoucit et assouplit la peau<\/span><\/div>\n<\/div><\/div>\n\n\n\n<p><\/p>\n\n\n\n<h2 class=\"wp-block-heading has-text-color has-link-color has-large-font-size wp-elements-12e4032418ad5a20392a8fcc40f6aafb\" style=\"color:#78290f\"><strong><em>D\u00e9roulement d&rsquo;une s\u00e9ance<\/em><\/strong><\/h2>\n\n\n\n<p>La personne mass\u00e9e conserve ses sous-v\u00eatements ou utilise un string jetable mis \u00e0 disposition, selon son choix. Une serviette ou un par\u00e9o recouvre <strong>en permanence les parties du corps non mass\u00e9es.<\/strong> Le massage californien est un <strong>massage complet du corps<\/strong>, qui commence par le dos puis les jambes pour continuer par le ventre, les bras, les jambes, la nuque et le visage.<br>Ce massage peut \u00e9galement \u00eatre partiel : si une partie du corps est <strong>particuli\u00e8rement tendue<\/strong>, elle peut \u00eatre mass\u00e9e plus longuement.<\/p>\n\n\n\n<p><\/p>\n\n\n\n<h2 class=\"wp-block-heading has-text-color has-link-color has-large-font-size wp-elements-99dd9b731629d72f03d2566932aba661\" style=\"color:#78290f\"><strong><em>Dur\u00e9es et Tarifs<\/em><\/strong><\/h2>\n\n\n\n<p>1h de massage : 70 \u20ac<br><br>1h15 de massage : 80 \u20ac<br><br>1h30 de massage : 95 \u20ac<\/p>\n\n\n\n<p><\/p>\n\n\n\n<h2 class=\"wp-block-heading has-text-color has-link-color has-large-font-size wp-elements-1b6adecd7466fd4e423f9dbba1311913\" style=\"color:#78290f\"><strong><em>R\u00e9servation<\/em><\/strong><\/h2>\n\n\n\n<!-- Cal inline embed code begins -->\n<div style=\"width:100%;height:100%;overflow:scroll\" id=\"my-cal-inline\"><\/div>\n<script type=\"text\/javascript\">\n  (function (C, A, L) { let p = function (a, ar) { a.q.push(ar); }; let d = C.document; C.Cal = C.Cal || function () { let cal = C.Cal; let ar = arguments; if (!cal.loaded) { cal.ns = {}; cal.q = cal.q || []; d.head.appendChild(d.createElement(\"script\")).src = A; cal.loaded = true; } if (ar[0] === L) { const api = function () { p(api, arguments); }; const namespace = ar[1]; api.q = api.q || []; typeof namespace === \"string\" ? (cal.ns[namespace] = api) && p(api, ar) : p(cal, ar); return; } p(cal, ar); }; })(window, \"https:\/\/app.cal.com\/embed\/embed.js\", \"init\");\nCal(\"init\", \"californien\", {origin:\"https:\/\/cal.com\"});\n\n  Cal.ns.californien(\"inline\", {\n\telementOrSelector:\"#my-cal-inline\",\n\tcalLink: \"kayasoasis\/californien\",\n\tlayout: \"month_view\"\n  });\n  \n  Cal.ns.californien(\"ui\", {\"styles\":{\"branding\":{\"brandColor\":\"#000000\"}},\"hideEventTypeDetails\":false,\"layout\":\"month_view\"});\n  <\/script>\n  <!-- Cal inline embed code ends -->\n\n\n\n<hr class=\"wp-block-separator has-alpha-channel-opacity\"\/>\n\n\n\n<p class=\"has-small-font-size\"><em><em>\u00a0<em>Praticienne de massage bien-\u00eatre, de pr\u00e9vention et d\u2019accompagnement \u00e0 la sant\u00e9.<\/em><\/em>\u00a0\u2013\u00a0<em>Le massage bien-\u00eatre est un soin de relaxation et de d\u00e9tente, \u00e0 but non th\u00e9rapeutique.<\/em><\/em><\/p>\n\n\n\n<div class=\"wp-block-uagb-image uagb-block-8574dfaf wp-block-uagb-image--layout-default wp-block-uagb-image--effect-static wp-block-uagb-image--align-none\"><figure class=\"wp-block-uagb-image__figure\"><img decoding=\"async\" srcset=\"https:\/\/kayasoasismassage.fr\/wp-content\/uploads\/2024\/11\/FFMBE-visuel-nosexe-1024x142.webp ,https:\/\/kayasoasismassage.fr\/wp-content\/uploads\/2024\/11\/FFMBE-visuel-nosexe.webp 780w, https:\/\/kayasoasismassage.fr\/wp-content\/uploads\/2024\/11\/FFMBE-visuel-nosexe.webp 360w\" sizes=\"auto, (max-width: 480px) 150px\" src=\"https:\/\/kayasoasismassage.fr\/wp-content\/uploads\/2024\/11\/FFMBE-visuel-nosexe-1024x142.webp\" alt=\"\" class=\"uag-image-1257\" width=\"1024\" height=\"142\" title=\"FFMBE-visuel-nosexe\" loading=\"lazy\" role=\"img\"\/><\/figure><\/div>\n","protected":false},"excerpt":{"rendered":"<p>Pour un effet cocooning \u00e0 deux pas du centre-ville de Strasbourg \u00c9chappez au Stress, Ressentez la Libert\u00e9 avec le Massage Californien Vous vous sentez submerg\u00e9 par le stress quotidien, \u00e9cras\u00e9 par les tensions du travail ? Imaginez-vous abandonner le poids du quotidien, lib\u00e9rer les n\u0153uds de stress, et laisser votre esprit voguer vers la tranquillit\u00e9. &#8230; <a title=\"Massage Californien\" class=\"read-more\" href=\"https:\/\/kayasoasismassage.fr\/index.php\/carte-des-massages-strasbourg\/relaxer-vous-avec-un-massage-californien-a-strasbourg\/\" aria-label=\"En savoir plus sur Massage Californien\">Lire la suite<\/a><\/p>\n","protected":false},"author":1,"featured_media":0,"parent":49,"menu_order":0,"comment_status":"closed","ping_status":"closed","template":"","meta":{"_uag_custom_page_level_css":"","_uf_show_specific_survey":0,"_uf_disable_surveys":false,"footnotes":""},"class_list":["post-61","page","type-page","status-publish"],"yoast_head":"<!-- This site is optimized with the Yoast SEO plugin v27.4 - https:\/\/yoast.com\/product\/yoast-seo-wordpress\/ -->\n<title>Massage Californien - Plonger dans une oasis de d\u00e9tente<\/title>\n<meta name=\"description\" content=\"D\u00e9couvrez la relaxation ultime \u00e0 Strasbourg avec notre massage californien, offrant harmonie du corps et de l&#039;esprit dans un cadre apaisant.\" \/>\n<meta name=\"robots\" content=\"index, follow, max-snippet:-1, max-image-preview:large, max-video-preview:-1\" \/>\n<link rel=\"canonical\" href=\"https:\/\/kayasoasismassage.fr\/index.php\/carte-des-massages-strasbourg\/relaxer-vous-avec-un-massage-californien-a-strasbourg\/\" \/>\n<meta property=\"og:locale\" content=\"fr_FR\" \/>\n<meta property=\"og:type\" content=\"article\" \/>\n<meta property=\"og:title\" content=\"Massage Californien - Plonger dans une oasis de d\u00e9tente\" \/>\n<meta property=\"og:description\" content=\"D\u00e9couvrez la relaxation ultime \u00e0 Strasbourg avec notre massage californien, offrant harmonie du corps et de l&#039;esprit dans un cadre apaisant.\" \/>\n<meta property=\"og:url\" content=\"https:\/\/kayasoasismassage.fr\/index.php\/carte-des-massages-strasbourg\/relaxer-vous-avec-un-massage-californien-a-strasbourg\/\" \/>\n<meta property=\"og:site_name\" content=\"Kaya&#039;s Oasis Massage\" \/>\n<meta property=\"article:publisher\" content=\"https:\/\/www.facebook.com\/profile.php?id=61555287147770\" \/>\n<meta property=\"article:modified_time\" content=\"2025-07-30T09:23:16+00:00\" \/>\n<meta property=\"og:image\" content=\"https:\/\/kayasoasismassage.fr\/wp-content\/uploads\/2024\/01\/Design-sans-titre.jpg\" \/>\n\t<meta property=\"og:image:width\" content=\"1414\" \/>\n\t<meta property=\"og:image:height\" content=\"190\" \/>\n\t<meta property=\"og:image:type\" content=\"image\/jpeg\" \/>\n<meta name=\"twitter:card\" content=\"summary_large_image\" \/>\n<meta name=\"twitter:label1\" content=\"Dur\u00e9e de lecture estim\u00e9e\" \/>\n\t<meta name=\"twitter:data1\" content=\"3 minutes\" \/>\n<script type=\"application\/ld+json\" class=\"yoast-schema-graph\">{\"@context\":\"https:\\\/\\\/schema.org\",\"@graph\":[{\"@type\":\"WebPage\",\"@id\":\"https:\\\/\\\/kayasoasismassage.fr\\\/index.php\\\/carte-des-massages-strasbourg\\\/relaxer-vous-avec-un-massage-californien-a-strasbourg\\\/\",\"url\":\"https:\\\/\\\/kayasoasismassage.fr\\\/index.php\\\/carte-des-massages-strasbourg\\\/relaxer-vous-avec-un-massage-californien-a-strasbourg\\\/\",\"name\":\"Massage Californien - Plonger dans une oasis de d\u00e9tente\",\"isPartOf\":{\"@id\":\"https:\\\/\\\/kayasoasismassage.fr\\\/#website\"},\"primaryImageOfPage\":{\"@id\":\"https:\\\/\\\/kayasoasismassage.fr\\\/index.php\\\/carte-des-massages-strasbourg\\\/relaxer-vous-avec-un-massage-californien-a-strasbourg\\\/#primaryimage\"},\"image\":{\"@id\":\"https:\\\/\\\/kayasoasismassage.fr\\\/index.php\\\/carte-des-massages-strasbourg\\\/relaxer-vous-avec-un-massage-californien-a-strasbourg\\\/#primaryimage\"},\"thumbnailUrl\":\"https:\\\/\\\/kayasoasismassage.fr\\\/wp-content\\\/uploads\\\/2024\\\/01\\\/Design-sans-titre-300x40.jpg\",\"datePublished\":\"2024-01-05T16:34:10+00:00\",\"dateModified\":\"2025-07-30T09:23:16+00:00\",\"description\":\"D\u00e9couvrez la relaxation ultime \u00e0 Strasbourg avec notre massage californien, offrant harmonie du corps et de l'esprit dans un cadre apaisant.\",\"breadcrumb\":{\"@id\":\"https:\\\/\\\/kayasoasismassage.fr\\\/index.php\\\/carte-des-massages-strasbourg\\\/relaxer-vous-avec-un-massage-californien-a-strasbourg\\\/#breadcrumb\"},\"inLanguage\":\"fr-FR\",\"potentialAction\":[{\"@type\":\"ReadAction\",\"target\":[\"https:\\\/\\\/kayasoasismassage.fr\\\/index.php\\\/carte-des-massages-strasbourg\\\/relaxer-vous-avec-un-massage-californien-a-strasbourg\\\/\"]}]},{\"@type\":\"ImageObject\",\"inLanguage\":\"fr-FR\",\"@id\":\"https:\\\/\\\/kayasoasismassage.fr\\\/index.php\\\/carte-des-massages-strasbourg\\\/relaxer-vous-avec-un-massage-californien-a-strasbourg\\\/#primaryimage\",\"url\":\"https:\\\/\\\/kayasoasismassage.fr\\\/wp-content\\\/uploads\\\/2024\\\/01\\\/Design-sans-titre.jpg\",\"contentUrl\":\"https:\\\/\\\/kayasoasismassage.fr\\\/wp-content\\\/uploads\\\/2024\\\/01\\\/Design-sans-titre.jpg\",\"width\":1414,\"height\":190,\"caption\":\"s\u00e9paration\"},{\"@type\":\"BreadcrumbList\",\"@id\":\"https:\\\/\\\/kayasoasismassage.fr\\\/index.php\\\/carte-des-massages-strasbourg\\\/relaxer-vous-avec-un-massage-californien-a-strasbourg\\\/#breadcrumb\",\"itemListElement\":[{\"@type\":\"ListItem\",\"position\":1,\"name\":\"Accueil\",\"item\":\"https:\\\/\\\/kayasoasismassage.fr\\\/\"},{\"@type\":\"ListItem\",\"position\":2,\"name\":\"La carte des Massages\",\"item\":\"https:\\\/\\\/kayasoasismassage.fr\\\/index.php\\\/carte-des-massages-strasbourg\\\/\"},{\"@type\":\"ListItem\",\"position\":3,\"name\":\"Massage Californien\"}]},{\"@type\":\"WebSite\",\"@id\":\"https:\\\/\\\/kayasoasismassage.fr\\\/#website\",\"url\":\"https:\\\/\\\/kayasoasismassage.fr\\\/\",\"name\":\"Kaya's Oasis Massage\",\"description\":\"Un oasis de d\u00e9tente\",\"publisher\":{\"@id\":\"https:\\\/\\\/kayasoasismassage.fr\\\/#organization\"},\"potentialAction\":[{\"@type\":\"SearchAction\",\"target\":{\"@type\":\"EntryPoint\",\"urlTemplate\":\"https:\\\/\\\/kayasoasismassage.fr\\\/?s={search_term_string}\"},\"query-input\":{\"@type\":\"PropertyValueSpecification\",\"valueRequired\":true,\"valueName\":\"search_term_string\"}}],\"inLanguage\":\"fr-FR\"},{\"@type\":\"Organization\",\"@id\":\"https:\\\/\\\/kayasoasismassage.fr\\\/#organization\",\"name\":\"Kaya's Oasis Massage\",\"alternateName\":\"Kaya's Oasis\",\"url\":\"https:\\\/\\\/kayasoasismassage.fr\\\/\",\"logo\":{\"@type\":\"ImageObject\",\"inLanguage\":\"fr-FR\",\"@id\":\"https:\\\/\\\/kayasoasismassage.fr\\\/#\\\/schema\\\/logo\\\/image\\\/\",\"url\":\"https:\\\/\\\/kayasoasismassage.fr\\\/wp-content\\\/uploads\\\/2024\\\/01\\\/cropped-cropped-cropped-logo-transparent-png.png\",\"contentUrl\":\"https:\\\/\\\/kayasoasismassage.fr\\\/wp-content\\\/uploads\\\/2024\\\/01\\\/cropped-cropped-cropped-logo-transparent-png.png\",\"width\":385,\"height\":387,\"caption\":\"Kaya's Oasis Massage\"},\"image\":{\"@id\":\"https:\\\/\\\/kayasoasismassage.fr\\\/#\\\/schema\\\/logo\\\/image\\\/\"},\"sameAs\":[\"https:\\\/\\\/www.facebook.com\\\/profile.php?id=61555287147770\",\"https:\\\/\\\/www.instagram.com\\\/kayasoasis_massage\\\/\"]}]}<\/script>\n<!-- \/ Yoast SEO plugin. -->","yoast_head_json":{"title":"Massage Californien - Plonger dans une oasis de d\u00e9tente","description":"D\u00e9couvrez la relaxation ultime \u00e0 Strasbourg avec notre massage californien, offrant harmonie du corps et de l'esprit dans un cadre apaisant.","robots":{"index":"index","follow":"follow","max-snippet":"max-snippet:-1","max-image-preview":"max-image-preview:large","max-video-preview":"max-video-preview:-1"},"canonical":"https:\/\/kayasoasismassage.fr\/index.php\/carte-des-massages-strasbourg\/relaxer-vous-avec-un-massage-californien-a-strasbourg\/","og_locale":"fr_FR","og_type":"article","og_title":"Massage Californien - Plonger dans une oasis de d\u00e9tente","og_description":"D\u00e9couvrez la relaxation ultime \u00e0 Strasbourg avec notre massage californien, offrant harmonie du corps et de l'esprit dans un cadre apaisant.","og_url":"https:\/\/kayasoasismassage.fr\/index.php\/carte-des-massages-strasbourg\/relaxer-vous-avec-un-massage-californien-a-strasbourg\/","og_site_name":"Kaya&#039;s Oasis Massage","article_publisher":"https:\/\/www.facebook.com\/profile.php?id=61555287147770","article_modified_time":"2025-07-30T09:23:16+00:00","og_image":[{"width":1414,"height":190,"url":"https:\/\/kayasoasismassage.fr\/wp-content\/uploads\/2024\/01\/Design-sans-titre.jpg","type":"image\/jpeg"}],"twitter_card":"summary_large_image","twitter_misc":{"Dur\u00e9e de lecture estim\u00e9e":"3 minutes"},"schema":{"@context":"https:\/\/schema.org","@graph":[{"@type":"WebPage","@id":"https:\/\/kayasoasismassage.fr\/index.php\/carte-des-massages-strasbourg\/relaxer-vous-avec-un-massage-californien-a-strasbourg\/","url":"https:\/\/kayasoasismassage.fr\/index.php\/carte-des-massages-strasbourg\/relaxer-vous-avec-un-massage-californien-a-strasbourg\/","name":"Massage Californien - Plonger dans une oasis de d\u00e9tente","isPartOf":{"@id":"https:\/\/kayasoasismassage.fr\/#website"},"primaryImageOfPage":{"@id":"https:\/\/kayasoasismassage.fr\/index.php\/carte-des-massages-strasbourg\/relaxer-vous-avec-un-massage-californien-a-strasbourg\/#primaryimage"},"image":{"@id":"https:\/\/kayasoasismassage.fr\/index.php\/carte-des-massages-strasbourg\/relaxer-vous-avec-un-massage-californien-a-strasbourg\/#primaryimage"},"thumbnailUrl":"https:\/\/kayasoasismassage.fr\/wp-content\/uploads\/2024\/01\/Design-sans-titre-300x40.jpg","datePublished":"2024-01-05T16:34:10+00:00","dateModified":"2025-07-30T09:23:16+00:00","description":"D\u00e9couvrez la relaxation ultime \u00e0 Strasbourg avec notre massage californien, offrant harmonie du corps et de l'esprit dans un cadre apaisant.","breadcrumb":{"@id":"https:\/\/kayasoasismassage.fr\/index.php\/carte-des-massages-strasbourg\/relaxer-vous-avec-un-massage-californien-a-strasbourg\/#breadcrumb"},"inLanguage":"fr-FR","potentialAction":[{"@type":"ReadAction","target":["https:\/\/kayasoasismassage.fr\/index.php\/carte-des-massages-strasbourg\/relaxer-vous-avec-un-massage-californien-a-strasbourg\/"]}]},{"@type":"ImageObject","inLanguage":"fr-FR","@id":"https:\/\/kayasoasismassage.fr\/index.php\/carte-des-massages-strasbourg\/relaxer-vous-avec-un-massage-californien-a-strasbourg\/#primaryimage","url":"https:\/\/kayasoasismassage.fr\/wp-content\/uploads\/2024\/01\/Design-sans-titre.jpg","contentUrl":"https:\/\/kayasoasismassage.fr\/wp-content\/uploads\/2024\/01\/Design-sans-titre.jpg","width":1414,"height":190,"caption":"s\u00e9paration"},{"@type":"BreadcrumbList","@id":"https:\/\/kayasoasismassage.fr\/index.php\/carte-des-massages-strasbourg\/relaxer-vous-avec-un-massage-californien-a-strasbourg\/#breadcrumb","itemListElement":[{"@type":"ListItem","position":1,"name":"Accueil","item":"https:\/\/kayasoasismassage.fr\/"},{"@type":"ListItem","position":2,"name":"La carte des Massages","item":"https:\/\/kayasoasismassage.fr\/index.php\/carte-des-massages-strasbourg\/"},{"@type":"ListItem","position":3,"name":"Massage Californien"}]},{"@type":"WebSite","@id":"https:\/\/kayasoasismassage.fr\/#website","url":"https:\/\/kayasoasismassage.fr\/","name":"Kaya's Oasis Massage","description":"Un oasis de d\u00e9tente","publisher":{"@id":"https:\/\/kayasoasismassage.fr\/#organization"},"potentialAction":[{"@type":"SearchAction","target":{"@type":"EntryPoint","urlTemplate":"https:\/\/kayasoasismassage.fr\/?s={search_term_string}"},"query-input":{"@type":"PropertyValueSpecification","valueRequired":true,"valueName":"search_term_string"}}],"inLanguage":"fr-FR"},{"@type":"Organization","@id":"https:\/\/kayasoasismassage.fr\/#organization","name":"Kaya's Oasis Massage","alternateName":"Kaya's Oasis","url":"https:\/\/kayasoasismassage.fr\/","logo":{"@type":"ImageObject","inLanguage":"fr-FR","@id":"https:\/\/kayasoasismassage.fr\/#\/schema\/logo\/image\/","url":"https:\/\/kayasoasismassage.fr\/wp-content\/uploads\/2024\/01\/cropped-cropped-cropped-logo-transparent-png.png","contentUrl":"https:\/\/kayasoasismassage.fr\/wp-content\/uploads\/2024\/01\/cropped-cropped-cropped-logo-transparent-png.png","width":385,"height":387,"caption":"Kaya's Oasis Massage"},"image":{"@id":"https:\/\/kayasoasismassage.fr\/#\/schema\/logo\/image\/"},"sameAs":["https:\/\/www.facebook.com\/profile.php?id=61555287147770","https:\/\/www.instagram.com\/kayasoasis_massage\/"]}]}},"uagb_featured_image_src":{"full":false,"thumbnail":false,"medium":false,"medium_large":false,"large":false,"1536x1536":false,"2048x2048":false},"uagb_author_info":{"display_name":"Morgane","author_link":"https:\/\/kayasoasismassage.fr\/index.php\/author\/admin2099\/"},"uagb_comment_info":0,"uagb_excerpt":"Pour un effet cocooning \u00e0 deux pas du centre-ville de Strasbourg \u00c9chappez au Stress, Ressentez la Libert\u00e9 avec le Massage Californien Vous vous sentez submerg\u00e9 par le stress quotidien, \u00e9cras\u00e9 par les tensions du travail ? Imaginez-vous abandonner le poids du quotidien, lib\u00e9rer les n\u0153uds de stress, et laisser votre esprit voguer vers la tranquillit\u00e9.\u2026","_links":{"self":[{"href":"https:\/\/kayasoasismassage.fr\/index.php\/wp-json\/wp\/v2\/pages\/61","targetHints":{"allow":["GET"]}}],"collection":[{"href":"https:\/\/kayasoasismassage.fr\/index.php\/wp-json\/wp\/v2\/pages"}],"about":[{"href":"https:\/\/kayasoasismassage.fr\/index.php\/wp-json\/wp\/v2\/types\/page"}],"author":[{"embeddable":true,"href":"https:\/\/kayasoasismassage.fr\/index.php\/wp-json\/wp\/v2\/users\/1"}],"replies":[{"embeddable":true,"href":"https:\/\/kayasoasismassage.fr\/index.php\/wp-json\/wp\/v2\/comments?post=61"}],"version-history":[{"count":48,"href":"https:\/\/kayasoasismassage.fr\/index.php\/wp-json\/wp\/v2\/pages\/61\/revisions"}],"predecessor-version":[{"id":1464,"href":"https:\/\/kayasoasismassage.fr\/index.php\/wp-json\/wp\/v2\/pages\/61\/revisions\/1464"}],"up":[{"embeddable":true,"href":"https:\/\/kayasoasismassage.fr\/index.php\/wp-json\/wp\/v2\/pages\/49"}],"wp:attachment":[{"href":"https:\/\/kayasoasismassage.fr\/index.php\/wp-json\/wp\/v2\/media?parent=61"}],"curies":[{"name":"wp","href":"https:\/\/api.w.org\/{rel}","templated":true}]}}