{"id":1201,"date":"2024-10-06T14:10:25","date_gmt":"2024-10-06T12:10:25","guid":{"rendered":"https:\/\/kayasoasismassage.fr\/?page_id=1201"},"modified":"2026-02-21T09:16:23","modified_gmt":"2026-02-21T08:16:23","slug":"formule-massage","status":"publish","type":"page","link":"https:\/\/kayasoasismassage.fr\/index.php\/formule-massage\/","title":{"rendered":"Formule Massage"},"content":{"rendered":"\n<h1 class=\"wp-block-heading\">Formule Massage <\/h1>\n\n\n\n<p>Chez <strong>Kaya&rsquo;s Oasis Massage<\/strong>, je crois que le bien-\u00eatre ne se r\u00e9sume pas \u00e0 un coup de baguette magique. Le massage est un <strong>soin profond<\/strong>, qui apporte des <strong>bienfaits durables<\/strong> avec de la <strong>r\u00e9gularit\u00e9<\/strong>. <br>Pour vous accompagner dans cette d\u00e9marche, j\u2019ai con\u00e7u des formules sp\u00e9ciales qui vous permettent de profiter de vos s\u00e9ances avec un <strong>tarif pr\u00e9f\u00e9rentiel.<\/strong><\/p>\n\n\n\n<h2 class=\"wp-block-heading has-text-color has-link-color has-large-font-size wp-elements-ff40f59312e00bae89497632562951fe\" style=\"color:#78290f\"><strong><em>Pourquoi opter pour une formule massage ?<\/em><\/strong><\/h2>\n\n\n\n<ul class=\"wp-block-list\">\n<li><strong>Durabilit\u00e9 des effets<\/strong> : Un massage ponctuel peut d\u00e9tendre, mais c\u2019est dans la continuit\u00e9 que vous ressentirez de vrais changements, qu\u2019il s\u2019agisse de r\u00e9duire les tensions, am\u00e9liorer votre posture ou mieux g\u00e9rer votre stress.<\/li>\n\n\n\n<li><strong>Un moment pour vous<\/strong> : En r\u00e9servant plusieurs s\u00e9ances \u00e0 l\u2019avance,  vous vous accordez des pauses bien-\u00eatre r\u00e9guli\u00e8res et un temps de reconnexion avec votre corps et votre esprit.<\/li>\n\n\n\n<li><strong>Tarifs avantageux<\/strong> : Profitez de mes formules \u00e0 prix r\u00e9duit, parce que votre bien-\u00eatre ne devrait pas \u00eatre une option.<\/li>\n<\/ul>\n\n\n\n<blockquote class=\"wp-block-quote has-background has-medium-font-size is-layout-flow wp-block-quote-is-layout-flow\" style=\"background-color:#78290f\">\n<p class=\"has-text-align-center has-base-3-color has-text-color has-link-color has-medium-font-size wp-elements-1aa8a40b83f2644e3a49a0dc92f28b98\"><em>\u00ab\u00a0Le bien-\u00eatre commence par soi-m\u00eame. Investir en soi est le meilleur investissement que l&rsquo;on puisse faire.\u00a0\u00bb<\/em><\/p>\n<\/blockquote>\n\n\n\n<p><\/p>\n\n\n\n<h3 class=\"wp-block-heading has-text-color has-link-color has-large-font-size wp-elements-50143f7d82f9d2b72c131b5d1f843fdc\" style=\"color:#78290f\"><strong><em>Comment \u00e7a marche ?<\/em><\/strong><\/h3>\n\n\n\n<p>Vous choisissez la formule qui vous convient le mieux et vous planifiez vos s\u00e9ances \u00e0 votre rythme. <br>Le paiement se fait uniquement par virement \u00e0 distance (possibilit\u00e9 de faire plusieurs virements) ou en cb au cabinet lors de la premi\u00e8re s\u00e9ance. <br>Chaque formule est con\u00e7ue pour s\u2019adapter \u00e0 vos besoins et \u00e0 votre emploi du temps, afin que vous puissiez profiter d\u2019un moment de bien-\u00eatre r\u00e9gulier sans vous soucier des contraintes.<br>Vous pouvez \u00e9galement offrir ces formules \u00e0 la personne de votre choix.<\/p>\n\n\n\n<p><\/p>\n\n\n\n<h3 class=\"wp-block-heading has-text-color has-link-color has-large-font-size wp-elements-55009ebde555184b48021f4be7c39204\" style=\"color:#78290f\"><strong><em>Mes Formules Disponibles<\/em><\/strong><\/h3>\n\n\n\n<p><\/p>\n\n\n\n<div class=\"wp-block-uagb-separator uagb-block-f58cf29a\"><div class=\"wp-block-uagb-separator__inner\" style=\"--my-background-image:\"><\/div><\/div>\n\n\n\n<p class=\"has-text-align-center\" style=\"font-size:26px\"><strong>Formule Souffle L\u00e9ger <\/strong>&#8211; <strong>3 Massages<\/strong><br><em>Pour t\u2019offrir quelques moments de r\u00e9pit et de l\u00e2cher-prise.<\/em><\/p>\n\n\n\n<div class=\"wp-block-uagb-separator uagb-block-a3627c76\"><div class=\"wp-block-uagb-separator__inner\" style=\"--my-background-image:\"><\/div><\/div>\n\n\n\n<p>Hors rituel Kaya&rsquo;s Oasis<br><\/p>\n\n\n\n<div class=\"wp-block-uagb-container uagb-block-9c9d8c7f alignfull uagb-is-root-container\"><div class=\"uagb-container-inner-blocks-wrap\">\n<div class=\"wp-block-uagb-container uagb-block-be4dd713\">\n<div class=\"wp-block-uagb-info-box uagb-block-d0625987 uagb-infobox__content-wrap  uagb-infobox-icon-above-title uagb-infobox-image-valign-top\"><div class=\"uagb-ifb-content\"><div class=\"uagb-ifb-icon-wrap\"><svg xmlns=\"https:\/\/www.w3.org\/2000\/svg\" viewBox=\"0 0 512 512\"><path d=\"M0 256C0 114.6 114.6 0 256 0C397.4 0 512 114.6 512 256C512 397.4 397.4 512 256 512C114.6 512 0 397.4 0 256zM371.8 211.8C382.7 200.9 382.7 183.1 371.8 172.2C360.9 161.3 343.1 161.3 332.2 172.2L224 280.4L179.8 236.2C168.9 225.3 151.1 225.3 140.2 236.2C129.3 247.1 129.3 264.9 140.2 275.8L204.2 339.8C215.1 350.7 232.9 350.7 243.8 339.8L371.8 211.8z\"><\/path><\/svg><\/div><div class=\"uagb-ifb-title-wrap\"><h3 class=\"uagb-ifb-title\">3 s\u00e9ances d&rsquo;1H<\/h3><\/div><p class=\"uagb-ifb-desc\">Valable 6 mois <br>Tarif pr\u00e9f\u00e9rentiel : 189\u20ac<br>7\u20ac d&rsquo;\u00e9conomies par massage<\/p><\/div><\/div>\n<\/div>\n\n\n\n<div class=\"wp-block-uagb-container uagb-block-7ac7a479\">\n<div class=\"wp-block-uagb-info-box uagb-block-72907dc8 uagb-infobox__content-wrap  uagb-infobox-icon-above-title uagb-infobox-image-valign-top\"><div class=\"uagb-ifb-content\"><div class=\"uagb-ifb-icon-wrap\"><svg xmlns=\"https:\/\/www.w3.org\/2000\/svg\" viewBox=\"0 0 512 512\"><path d=\"M0 256C0 114.6 114.6 0 256 0C397.4 0 512 114.6 512 256C512 397.4 397.4 512 256 512C114.6 512 0 397.4 0 256zM371.8 211.8C382.7 200.9 382.7 183.1 371.8 172.2C360.9 161.3 343.1 161.3 332.2 172.2L224 280.4L179.8 236.2C168.9 225.3 151.1 225.3 140.2 236.2C129.3 247.1 129.3 264.9 140.2 275.8L204.2 339.8C215.1 350.7 232.9 350.7 243.8 339.8L371.8 211.8z\"><\/path><\/svg><\/div><div class=\"uagb-ifb-title-wrap\"><h3 class=\"uagb-ifb-title\">3 s\u00e9ances d&rsquo;1H15<\/h3><\/div><p class=\"uagb-ifb-desc\">Valable 6 mois <br>Tarif pr\u00e9f\u00e9rentiel : 219\u20ac<br>7\u20ac d&rsquo;\u00e9conomies par massage<\/p><\/div><\/div>\n<\/div>\n\n\n\n<div class=\"wp-block-uagb-container uagb-block-f1070a22\">\n<div class=\"wp-block-uagb-info-box uagb-block-4575dd89 uagb-infobox__content-wrap  uagb-infobox-icon-above-title uagb-infobox-image-valign-top\"><div class=\"uagb-ifb-content\"><div class=\"uagb-ifb-icon-wrap\"><svg xmlns=\"https:\/\/www.w3.org\/2000\/svg\" viewBox=\"0 0 512 512\"><path d=\"M0 256C0 114.6 114.6 0 256 0C397.4 0 512 114.6 512 256C512 397.4 397.4 512 256 512C114.6 512 0 397.4 0 256zM371.8 211.8C382.7 200.9 382.7 183.1 371.8 172.2C360.9 161.3 343.1 161.3 332.2 172.2L224 280.4L179.8 236.2C168.9 225.3 151.1 225.3 140.2 236.2C129.3 247.1 129.3 264.9 140.2 275.8L204.2 339.8C215.1 350.7 232.9 350.7 243.8 339.8L371.8 211.8z\"><\/path><\/svg><\/div><div class=\"uagb-ifb-title-wrap\"><h3 class=\"uagb-ifb-title\">3 s\u00e9ances d&rsquo;1H30<\/h3><\/div><p class=\"uagb-ifb-desc\">Valable 6 mois<br>Tarif pr\u00e9f\u00e9rentiel : 261\u20ac<br>8\u20ac d&rsquo;\u00e9conomies par massage<\/p><\/div><\/div>\n<\/div>\n<\/div><\/div>\n\n\n\n<p><\/p>\n\n\n\n<p><\/p>\n\n\n\n<div class=\"wp-block-uagb-separator uagb-block-0d79ea81\"><div class=\"wp-block-uagb-separator__inner\" style=\"--my-background-image:\"><\/div><\/div>\n\n\n\n<p class=\"has-text-align-center\" style=\"font-size:26px\"><strong>Formule Lib\u00e9ration &#8211; 5 Massages<\/strong><br><em>Pour te lib\u00e9rer des tensions et trouver un \u00e9quilibre apaisant.<\/em><\/p>\n\n\n\n<div class=\"wp-block-uagb-separator uagb-block-0750c6ab\"><div class=\"wp-block-uagb-separator__inner\" style=\"--my-background-image:\"><\/div><\/div>\n\n\n\n<p>Hors rituel Kaya&rsquo;s Oasis<br>Possibilit\u00e9 de r\u00e9gler en 3x sans frais &#8211; me contacter<\/p>\n\n\n\n<div class=\"wp-block-uagb-container uagb-block-d6bbcb87 alignfull uagb-is-root-container\"><div class=\"uagb-container-inner-blocks-wrap\">\n<div class=\"wp-block-uagb-container uagb-block-2a349081\">\n<div class=\"wp-block-uagb-info-box uagb-block-371c1e46 uagb-infobox__content-wrap  uagb-infobox-icon-above-title uagb-infobox-image-valign-top\"><div class=\"uagb-ifb-content\"><div class=\"uagb-ifb-icon-wrap\"><svg xmlns=\"https:\/\/www.w3.org\/2000\/svg\" viewBox=\"0 0 512 512\"><path d=\"M0 256C0 114.6 114.6 0 256 0C397.4 0 512 114.6 512 256C512 397.4 397.4 512 256 512C114.6 512 0 397.4 0 256zM371.8 211.8C382.7 200.9 382.7 183.1 371.8 172.2C360.9 161.3 343.1 161.3 332.2 172.2L224 280.4L179.8 236.2C168.9 225.3 151.1 225.3 140.2 236.2C129.3 247.1 129.3 264.9 140.2 275.8L204.2 339.8C215.1 350.7 232.9 350.7 243.8 339.8L371.8 211.8z\"><\/path><\/svg><\/div><div class=\"uagb-ifb-title-wrap\"><h3 class=\"uagb-ifb-title\">5 s\u00e9ances d&rsquo;1H<\/h3><\/div><p class=\"uagb-ifb-desc\">Valable 9 mois <br>Tarif pr\u00e9f\u00e9rentiel : 310\u20ac<br>8\u20ac d&rsquo;\u00e9conomies par massage<\/p><\/div><\/div>\n<\/div>\n\n\n\n<div class=\"wp-block-uagb-container uagb-block-ba2119a1\">\n<div class=\"wp-block-uagb-info-box uagb-block-87a033ff uagb-infobox__content-wrap  uagb-infobox-icon-above-title uagb-infobox-image-valign-top\"><div class=\"uagb-ifb-content\"><div class=\"uagb-ifb-icon-wrap\"><svg xmlns=\"https:\/\/www.w3.org\/2000\/svg\" viewBox=\"0 0 512 512\"><path d=\"M0 256C0 114.6 114.6 0 256 0C397.4 0 512 114.6 512 256C512 397.4 397.4 512 256 512C114.6 512 0 397.4 0 256zM371.8 211.8C382.7 200.9 382.7 183.1 371.8 172.2C360.9 161.3 343.1 161.3 332.2 172.2L224 280.4L179.8 236.2C168.9 225.3 151.1 225.3 140.2 236.2C129.3 247.1 129.3 264.9 140.2 275.8L204.2 339.8C215.1 350.7 232.9 350.7 243.8 339.8L371.8 211.8z\"><\/path><\/svg><\/div><div class=\"uagb-ifb-title-wrap\"><h3 class=\"uagb-ifb-title\">5 s\u00e9ances d&rsquo;1H15<\/h3><\/div><p class=\"uagb-ifb-desc\">Valable 9 mois <br>Tarif pr\u00e9f\u00e9rentiel : 360\u20ac<br>8\u20ac d&rsquo;\u00e9conomies par massage<\/p><\/div><\/div>\n<\/div>\n\n\n\n<div class=\"wp-block-uagb-container uagb-block-850a3e2e\">\n<div class=\"wp-block-uagb-info-box uagb-block-cfde7cef uagb-infobox__content-wrap  uagb-infobox-icon-above-title uagb-infobox-image-valign-top\"><div class=\"uagb-ifb-content\"><div class=\"uagb-ifb-icon-wrap\"><svg xmlns=\"https:\/\/www.w3.org\/2000\/svg\" viewBox=\"0 0 512 512\"><path d=\"M0 256C0 114.6 114.6 0 256 0C397.4 0 512 114.6 512 256C512 397.4 397.4 512 256 512C114.6 512 0 397.4 0 256zM371.8 211.8C382.7 200.9 382.7 183.1 371.8 172.2C360.9 161.3 343.1 161.3 332.2 172.2L224 280.4L179.8 236.2C168.9 225.3 151.1 225.3 140.2 236.2C129.3 247.1 129.3 264.9 140.2 275.8L204.2 339.8C215.1 350.7 232.9 350.7 243.8 339.8L371.8 211.8z\"><\/path><\/svg><\/div><div class=\"uagb-ifb-title-wrap\"><h3 class=\"uagb-ifb-title\">5 s\u00e9ances d&rsquo;1H30<\/h3><\/div><p class=\"uagb-ifb-desc\">Valable 9 mois<br>Tarif pr\u00e9f\u00e9rentiel : 425\u20ac<br>10\u20ac d&rsquo;\u00e9conomies par massage<\/p><\/div><\/div>\n<\/div>\n<\/div><\/div>\n\n\n\n<p><\/p>\n\n\n\n<p><\/p>\n\n\n\n<div class=\"wp-block-uagb-separator uagb-block-2ef641d8\"><div class=\"wp-block-uagb-separator__inner\" style=\"--my-background-image:\"><\/div><\/div>\n\n\n\n<p class=\"has-text-align-center\" style=\"font-size:26px\"><strong>Formule L\u00e2cher-Prise Total &#8211; 10 Massages<\/strong><br><em>Pour un l\u00e2cher-prise profond et r\u00e9gulier, t&rsquo;accompagnant&nbsp;toute&nbsp;l&rsquo;ann\u00e9e.<\/em><\/p>\n\n\n\n<div class=\"wp-block-uagb-separator uagb-block-326a8a4f\"><div class=\"wp-block-uagb-separator__inner\" style=\"--my-background-image:\"><\/div><\/div>\n\n\n\n<p>Hors rituel Kaya&rsquo;s Oasis<br>Possibilit\u00e9 de r\u00e9gler en 3x sans frais &#8211; me contacter<\/p>\n\n\n\n<div class=\"wp-block-uagb-container uagb-block-465f4561 alignfull uagb-is-root-container\"><div class=\"uagb-container-inner-blocks-wrap\">\n<div class=\"wp-block-uagb-container uagb-block-adf1c50f\">\n<div class=\"wp-block-uagb-info-box uagb-block-d4084046 uagb-infobox__content-wrap  uagb-infobox-icon-above-title uagb-infobox-image-valign-top\"><div class=\"uagb-ifb-content\"><div class=\"uagb-ifb-icon-wrap\"><svg xmlns=\"https:\/\/www.w3.org\/2000\/svg\" viewBox=\"0 0 512 512\"><path d=\"M0 256C0 114.6 114.6 0 256 0C397.4 0 512 114.6 512 256C512 397.4 397.4 512 256 512C114.6 512 0 397.4 0 256zM371.8 211.8C382.7 200.9 382.7 183.1 371.8 172.2C360.9 161.3 343.1 161.3 332.2 172.2L224 280.4L179.8 236.2C168.9 225.3 151.1 225.3 140.2 236.2C129.3 247.1 129.3 264.9 140.2 275.8L204.2 339.8C215.1 350.7 232.9 350.7 243.8 339.8L371.8 211.8z\"><\/path><\/svg><\/div><div class=\"uagb-ifb-title-wrap\"><h3 class=\"uagb-ifb-title\">10 s\u00e9ances d&rsquo;1H<\/h3><\/div><p class=\"uagb-ifb-desc\">Valable 12 mois <br>Tarif pr\u00e9f\u00e9rentiel : 600\u20ac<br>10\u20ac d&rsquo;\u00e9conomies par massage<\/p><\/div><\/div>\n<\/div>\n\n\n\n<div class=\"wp-block-uagb-container uagb-block-12311852\">\n<div class=\"wp-block-uagb-info-box uagb-block-2932f5b4 uagb-infobox__content-wrap  uagb-infobox-icon-above-title uagb-infobox-image-valign-top\"><div class=\"uagb-ifb-content\"><div class=\"uagb-ifb-icon-wrap\"><svg xmlns=\"https:\/\/www.w3.org\/2000\/svg\" viewBox=\"0 0 512 512\"><path d=\"M0 256C0 114.6 114.6 0 256 0C397.4 0 512 114.6 512 256C512 397.4 397.4 512 256 512C114.6 512 0 397.4 0 256zM371.8 211.8C382.7 200.9 382.7 183.1 371.8 172.2C360.9 161.3 343.1 161.3 332.2 172.2L224 280.4L179.8 236.2C168.9 225.3 151.1 225.3 140.2 236.2C129.3 247.1 129.3 264.9 140.2 275.8L204.2 339.8C215.1 350.7 232.9 350.7 243.8 339.8L371.8 211.8z\"><\/path><\/svg><\/div><div class=\"uagb-ifb-title-wrap\"><h3 class=\"uagb-ifb-title\">10 s\u00e9ances d&rsquo;1H15<\/h3><\/div><p class=\"uagb-ifb-desc\">Valable 12 mois <br>Tarif pr\u00e9f\u00e9rentiel : 700\u20ac<br>10\u20ac d&rsquo;\u00e9conomies par massage<\/p><\/div><\/div>\n<\/div>\n\n\n\n<div class=\"wp-block-uagb-container uagb-block-f45b2f8b\">\n<div class=\"wp-block-uagb-info-box uagb-block-6f87bb32 uagb-infobox__content-wrap  uagb-infobox-icon-above-title uagb-infobox-image-valign-top\"><div class=\"uagb-ifb-content\"><div class=\"uagb-ifb-icon-wrap\"><svg xmlns=\"https:\/\/www.w3.org\/2000\/svg\" viewBox=\"0 0 512 512\"><path d=\"M0 256C0 114.6 114.6 0 256 0C397.4 0 512 114.6 512 256C512 397.4 397.4 512 256 512C114.6 512 0 397.4 0 256zM371.8 211.8C382.7 200.9 382.7 183.1 371.8 172.2C360.9 161.3 343.1 161.3 332.2 172.2L224 280.4L179.8 236.2C168.9 225.3 151.1 225.3 140.2 236.2C129.3 247.1 129.3 264.9 140.2 275.8L204.2 339.8C215.1 350.7 232.9 350.7 243.8 339.8L371.8 211.8z\"><\/path><\/svg><\/div><div class=\"uagb-ifb-title-wrap\"><h3 class=\"uagb-ifb-title\">10 s\u00e9ances d&rsquo;1H30<\/h3><\/div><p class=\"uagb-ifb-desc\">Valable 12 mois<br>Tarif pr\u00e9f\u00e9rentiel : 850\u20ac<br>10\u20ac d&rsquo;\u00e9conomies par massage<\/p><\/div><\/div>\n<\/div>\n<\/div><\/div>\n\n\n\n<p><\/p>\n\n\n<p><iframe loading=\"lazy\" class=\"airtable-embed\" src=\"https:\/\/airtable.com\/embed\/appI07pT0EVTm93bz\/shrvSG6FSg2Vqb0Lk\" frameborder=\"0\" onmousewheel=\"\" width=\"100%\" height=\"533\" style=\"background: transparent; border: 1px solid #ccc;\"><\/iframe><\/p>\n\n\n\n<div class=\"wp-block-uagb-separator uagb-block-8cffa98f\"><div class=\"wp-block-uagb-separator__inner\" style=\"--my-background-image:\"><\/div><\/div>\n\n\n\n<blockquote class=\"wp-block-quote is-layout-flow wp-block-quote-is-layout-flow\">\n<p><\/p>\n<\/blockquote>\n\n\n\n<blockquote class=\"wp-block-quote has-background has-medium-font-size is-layout-flow wp-block-quote-is-layout-flow\" style=\"background-color:#78290f\">\n<p class=\"has-text-align-center has-base-3-color has-text-color has-link-color has-medium-font-size wp-elements-15615ba0abac3ca73112188b1c44695d\">\u00ab\u00a0Accorde-toi le temps de te reposer, de te ressourcer et de te recentrer. <br>C&rsquo;est le fondement du bien-\u00eatre.\u00a0\u00bb<\/p>\n<\/blockquote>\n\n\n\n<p><\/p>\n\n\n\n<p><\/p>\n\n\n\n<p><\/p>\n\n\n\n<p><\/p>\n","protected":false},"excerpt":{"rendered":"<p>Formule Massage Chez Kaya&rsquo;s Oasis Massage, je crois que le bien-\u00eatre ne se r\u00e9sume pas \u00e0 un coup de baguette magique. Le massage est un soin profond, qui apporte des bienfaits durables avec de la r\u00e9gularit\u00e9. Pour vous accompagner dans cette d\u00e9marche, j\u2019ai con\u00e7u des formules sp\u00e9ciales qui vous permettent de profiter de vos s\u00e9ances &#8230; <a title=\"Formule Massage\" class=\"read-more\" href=\"https:\/\/kayasoasismassage.fr\/index.php\/formule-massage\/\" aria-label=\"En savoir plus sur Formule Massage\">Lire la suite<\/a><\/p>\n","protected":false},"author":1,"featured_media":0,"parent":0,"menu_order":0,"comment_status":"closed","ping_status":"closed","template":"","meta":{"_uag_custom_page_level_css":"","_uf_show_specific_survey":0,"_uf_disable_surveys":false,"footnotes":""},"class_list":["post-1201","page","type-page","status-publish"],"yoast_head":"<!-- This site is optimized with the Yoast SEO plugin v27.4 - https:\/\/yoast.com\/product\/yoast-seo-wordpress\/ -->\n<title>Formule Massage - Kaya&#039;s Oasis Massage<\/title>\n<meta name=\"description\" content=\"Le bien-\u00eatre n&#039;est pas un coup de baguette magique : opte pour la r\u00e9gularit\u00e9 avec mes formules massages \u00e0 tarifs pr\u00e9f\u00e9rentiels.\" \/>\n<meta name=\"robots\" content=\"index, follow, max-snippet:-1, max-image-preview:large, max-video-preview:-1\" \/>\n<link rel=\"canonical\" href=\"https:\/\/kayasoasismassage.fr\/index.php\/formule-massage\/\" \/>\n<meta property=\"og:locale\" content=\"fr_FR\" \/>\n<meta property=\"og:type\" content=\"article\" \/>\n<meta property=\"og:title\" content=\"Formule Massage - Kaya&#039;s Oasis Massage\" \/>\n<meta property=\"og:description\" content=\"Le bien-\u00eatre n&#039;est pas un coup de baguette magique : opte pour la r\u00e9gularit\u00e9 avec mes formules massages \u00e0 tarifs pr\u00e9f\u00e9rentiels.\" \/>\n<meta property=\"og:url\" content=\"https:\/\/kayasoasismassage.fr\/index.php\/formule-massage\/\" \/>\n<meta property=\"og:site_name\" content=\"Kaya&#039;s Oasis Massage\" \/>\n<meta property=\"article:publisher\" content=\"https:\/\/www.facebook.com\/profile.php?id=61555287147770\" \/>\n<meta property=\"article:modified_time\" content=\"2026-02-21T08:16:23+00:00\" \/>\n<meta name=\"twitter:card\" content=\"summary_large_image\" \/>\n<meta name=\"twitter:label1\" content=\"Dur\u00e9e de lecture estim\u00e9e\" \/>\n\t<meta name=\"twitter:data1\" content=\"3 minutes\" \/>\n<script type=\"application\/ld+json\" class=\"yoast-schema-graph\">{\"@context\":\"https:\\\/\\\/schema.org\",\"@graph\":[{\"@type\":\"WebPage\",\"@id\":\"https:\\\/\\\/kayasoasismassage.fr\\\/index.php\\\/formule-massage\\\/\",\"url\":\"https:\\\/\\\/kayasoasismassage.fr\\\/index.php\\\/formule-massage\\\/\",\"name\":\"Formule Massage - Kaya&#039;s Oasis Massage\",\"isPartOf\":{\"@id\":\"https:\\\/\\\/kayasoasismassage.fr\\\/#website\"},\"datePublished\":\"2024-10-06T12:10:25+00:00\",\"dateModified\":\"2026-02-21T08:16:23+00:00\",\"description\":\"Le bien-\u00eatre n'est pas un coup de baguette magique : opte pour la r\u00e9gularit\u00e9 avec mes formules massages \u00e0 tarifs pr\u00e9f\u00e9rentiels.\",\"breadcrumb\":{\"@id\":\"https:\\\/\\\/kayasoasismassage.fr\\\/index.php\\\/formule-massage\\\/#breadcrumb\"},\"inLanguage\":\"fr-FR\",\"potentialAction\":[{\"@type\":\"ReadAction\",\"target\":[\"https:\\\/\\\/kayasoasismassage.fr\\\/index.php\\\/formule-massage\\\/\"]}]},{\"@type\":\"BreadcrumbList\",\"@id\":\"https:\\\/\\\/kayasoasismassage.fr\\\/index.php\\\/formule-massage\\\/#breadcrumb\",\"itemListElement\":[{\"@type\":\"ListItem\",\"position\":1,\"name\":\"Accueil\",\"item\":\"https:\\\/\\\/kayasoasismassage.fr\\\/\"},{\"@type\":\"ListItem\",\"position\":2,\"name\":\"Formule Massage\"}]},{\"@type\":\"WebSite\",\"@id\":\"https:\\\/\\\/kayasoasismassage.fr\\\/#website\",\"url\":\"https:\\\/\\\/kayasoasismassage.fr\\\/\",\"name\":\"Kaya's Oasis Massage\",\"description\":\"Un oasis de d\u00e9tente\",\"publisher\":{\"@id\":\"https:\\\/\\\/kayasoasismassage.fr\\\/#organization\"},\"potentialAction\":[{\"@type\":\"SearchAction\",\"target\":{\"@type\":\"EntryPoint\",\"urlTemplate\":\"https:\\\/\\\/kayasoasismassage.fr\\\/?s={search_term_string}\"},\"query-input\":{\"@type\":\"PropertyValueSpecification\",\"valueRequired\":true,\"valueName\":\"search_term_string\"}}],\"inLanguage\":\"fr-FR\"},{\"@type\":\"Organization\",\"@id\":\"https:\\\/\\\/kayasoasismassage.fr\\\/#organization\",\"name\":\"Kaya's Oasis Massage\",\"alternateName\":\"Kaya's Oasis\",\"url\":\"https:\\\/\\\/kayasoasismassage.fr\\\/\",\"logo\":{\"@type\":\"ImageObject\",\"inLanguage\":\"fr-FR\",\"@id\":\"https:\\\/\\\/kayasoasismassage.fr\\\/#\\\/schema\\\/logo\\\/image\\\/\",\"url\":\"https:\\\/\\\/kayasoasismassage.fr\\\/wp-content\\\/uploads\\\/2024\\\/01\\\/cropped-cropped-cropped-logo-transparent-png.png\",\"contentUrl\":\"https:\\\/\\\/kayasoasismassage.fr\\\/wp-content\\\/uploads\\\/2024\\\/01\\\/cropped-cropped-cropped-logo-transparent-png.png\",\"width\":385,\"height\":387,\"caption\":\"Kaya's Oasis Massage\"},\"image\":{\"@id\":\"https:\\\/\\\/kayasoasismassage.fr\\\/#\\\/schema\\\/logo\\\/image\\\/\"},\"sameAs\":[\"https:\\\/\\\/www.facebook.com\\\/profile.php?id=61555287147770\",\"https:\\\/\\\/www.instagram.com\\\/kayasoasis_massage\\\/\"]}]}<\/script>\n<!-- \/ Yoast SEO plugin. -->","yoast_head_json":{"title":"Formule Massage - Kaya&#039;s Oasis Massage","description":"Le bien-\u00eatre n'est pas un coup de baguette magique : opte pour la r\u00e9gularit\u00e9 avec mes formules massages \u00e0 tarifs pr\u00e9f\u00e9rentiels.","robots":{"index":"index","follow":"follow","max-snippet":"max-snippet:-1","max-image-preview":"max-image-preview:large","max-video-preview":"max-video-preview:-1"},"canonical":"https:\/\/kayasoasismassage.fr\/index.php\/formule-massage\/","og_locale":"fr_FR","og_type":"article","og_title":"Formule Massage - Kaya&#039;s Oasis Massage","og_description":"Le bien-\u00eatre n'est pas un coup de baguette magique : opte pour la r\u00e9gularit\u00e9 avec mes formules massages \u00e0 tarifs pr\u00e9f\u00e9rentiels.","og_url":"https:\/\/kayasoasismassage.fr\/index.php\/formule-massage\/","og_site_name":"Kaya&#039;s Oasis Massage","article_publisher":"https:\/\/www.facebook.com\/profile.php?id=61555287147770","article_modified_time":"2026-02-21T08:16:23+00:00","twitter_card":"summary_large_image","twitter_misc":{"Dur\u00e9e de lecture estim\u00e9e":"3 minutes"},"schema":{"@context":"https:\/\/schema.org","@graph":[{"@type":"WebPage","@id":"https:\/\/kayasoasismassage.fr\/index.php\/formule-massage\/","url":"https:\/\/kayasoasismassage.fr\/index.php\/formule-massage\/","name":"Formule Massage - Kaya&#039;s Oasis Massage","isPartOf":{"@id":"https:\/\/kayasoasismassage.fr\/#website"},"datePublished":"2024-10-06T12:10:25+00:00","dateModified":"2026-02-21T08:16:23+00:00","description":"Le bien-\u00eatre n'est pas un coup de baguette magique : opte pour la r\u00e9gularit\u00e9 avec mes formules massages \u00e0 tarifs pr\u00e9f\u00e9rentiels.","breadcrumb":{"@id":"https:\/\/kayasoasismassage.fr\/index.php\/formule-massage\/#breadcrumb"},"inLanguage":"fr-FR","potentialAction":[{"@type":"ReadAction","target":["https:\/\/kayasoasismassage.fr\/index.php\/formule-massage\/"]}]},{"@type":"BreadcrumbList","@id":"https:\/\/kayasoasismassage.fr\/index.php\/formule-massage\/#breadcrumb","itemListElement":[{"@type":"ListItem","position":1,"name":"Accueil","item":"https:\/\/kayasoasismassage.fr\/"},{"@type":"ListItem","position":2,"name":"Formule Massage"}]},{"@type":"WebSite","@id":"https:\/\/kayasoasismassage.fr\/#website","url":"https:\/\/kayasoasismassage.fr\/","name":"Kaya's Oasis Massage","description":"Un oasis de d\u00e9tente","publisher":{"@id":"https:\/\/kayasoasismassage.fr\/#organization"},"potentialAction":[{"@type":"SearchAction","target":{"@type":"EntryPoint","urlTemplate":"https:\/\/kayasoasismassage.fr\/?s={search_term_string}"},"query-input":{"@type":"PropertyValueSpecification","valueRequired":true,"valueName":"search_term_string"}}],"inLanguage":"fr-FR"},{"@type":"Organization","@id":"https:\/\/kayasoasismassage.fr\/#organization","name":"Kaya's Oasis Massage","alternateName":"Kaya's Oasis","url":"https:\/\/kayasoasismassage.fr\/","logo":{"@type":"ImageObject","inLanguage":"fr-FR","@id":"https:\/\/kayasoasismassage.fr\/#\/schema\/logo\/image\/","url":"https:\/\/kayasoasismassage.fr\/wp-content\/uploads\/2024\/01\/cropped-cropped-cropped-logo-transparent-png.png","contentUrl":"https:\/\/kayasoasismassage.fr\/wp-content\/uploads\/2024\/01\/cropped-cropped-cropped-logo-transparent-png.png","width":385,"height":387,"caption":"Kaya's Oasis Massage"},"image":{"@id":"https:\/\/kayasoasismassage.fr\/#\/schema\/logo\/image\/"},"sameAs":["https:\/\/www.facebook.com\/profile.php?id=61555287147770","https:\/\/www.instagram.com\/kayasoasis_massage\/"]}]}},"uagb_featured_image_src":{"full":false,"thumbnail":false,"medium":false,"medium_large":false,"large":false,"1536x1536":false,"2048x2048":false},"uagb_author_info":{"display_name":"Morgane","author_link":"https:\/\/kayasoasismassage.fr\/index.php\/author\/admin2099\/"},"uagb_comment_info":0,"uagb_excerpt":"Formule Massage Chez Kaya&rsquo;s Oasis Massage, je crois que le bien-\u00eatre ne se r\u00e9sume pas \u00e0 un coup de baguette magique. Le massage est un soin profond, qui apporte des bienfaits durables avec de la r\u00e9gularit\u00e9. Pour vous accompagner dans cette d\u00e9marche, j\u2019ai con\u00e7u des formules sp\u00e9ciales qui vous permettent de profiter de vos s\u00e9ances\u2026","_links":{"self":[{"href":"https:\/\/kayasoasismassage.fr\/index.php\/wp-json\/wp\/v2\/pages\/1201","targetHints":{"allow":["GET"]}}],"collection":[{"href":"https:\/\/kayasoasismassage.fr\/index.php\/wp-json\/wp\/v2\/pages"}],"about":[{"href":"https:\/\/kayasoasismassage.fr\/index.php\/wp-json\/wp\/v2\/types\/page"}],"author":[{"embeddable":true,"href":"https:\/\/kayasoasismassage.fr\/index.php\/wp-json\/wp\/v2\/users\/1"}],"replies":[{"embeddable":true,"href":"https:\/\/kayasoasismassage.fr\/index.php\/wp-json\/wp\/v2\/comments?post=1201"}],"version-history":[{"count":38,"href":"https:\/\/kayasoasismassage.fr\/index.php\/wp-json\/wp\/v2\/pages\/1201\/revisions"}],"predecessor-version":[{"id":1681,"href":"https:\/\/kayasoasismassage.fr\/index.php\/wp-json\/wp\/v2\/pages\/1201\/revisions\/1681"}],"wp:attachment":[{"href":"https:\/\/kayasoasismassage.fr\/index.php\/wp-json\/wp\/v2\/media?parent=1201"}],"curies":[{"name":"wp","href":"https:\/\/api.w.org\/{rel}","templated":true}]}}